{"id":582,"date":"2025-09-02T16:44:14","date_gmt":"2025-09-02T07:44:14","guid":{"rendered":"https:\/\/www.den.hokudai.ac.jp\/kouge1\/?page_id=582"},"modified":"2025-09-02T16:46:56","modified_gmt":"2025-09-02T07:46:56","slug":"contact","status":"publish","type":"page","link":"https:\/\/www.den.hokudai.ac.jp\/kouge1\/contact","title":{"rendered":"\u304a\u554f\u3044\u5408\u308f\u305b\u30d5\u30a9\u30fc\u30e0"},"content":{"rendered":"<p>\n<\/p><div class=\"wpcf7 no-js\" id=\"wpcf7-f8-o1\" lang=\"ja\" dir=\"ltr\" data-wpcf7-id=\"8\">\n<div class=\"screen-reader-response\"><p role=\"status\" aria-live=\"polite\" aria-atomic=\"true\"><\/p> <ul><\/ul><\/div>\n<form action=\"\/kouge1\/wp-json\/wp\/v2\/pages\/582#wpcf7-f8-o1\" method=\"post\" class=\"wpcf7-form init\" aria-label=\"\u30b3\u30f3\u30bf\u30af\u30c8\u30d5\u30a9\u30fc\u30e0\" novalidate=\"novalidate\" data-status=\"init\">\n<fieldset class=\"hidden-fields-container\"><input type=\"hidden\" name=\"_wpcf7\" value=\"8\"><input type=\"hidden\" name=\"_wpcf7_version\" value=\"6.1.5\"><input type=\"hidden\" name=\"_wpcf7_locale\" value=\"ja\"><input type=\"hidden\" name=\"_wpcf7_unit_tag\" value=\"wpcf7-f8-o1\"><input type=\"hidden\" name=\"_wpcf7_container_post\" value=\"0\"><input type=\"hidden\" name=\"_wpcf7_posted_data_hash\" value=\"\">\n<\/fieldset>\n<table class=\"CF7_table\">\n\t<tr>\n\t\t<th>\n\t\t\t<p><span class=\"CF7_req\">\u5fc5\u9808<\/span> \u3054\u76f8\u8ac7\u5185\u5bb9\n\t\t\t<\/p>\n\t\t<\/th>\n\t\t<td>\n\t\t\t<p><span class=\"wpcf7-form-control-wrap\" data-name=\"checkbox-inq\"><span class=\"wpcf7-form-control wpcf7-checkbox wpcf7-validates-as-required\"><span class=\"wpcf7-list-item first\"><input type=\"checkbox\" name=\"checkbox-inq[]\" value=\"\u3054\u76f8\u8ac7\"><span class=\"wpcf7-list-item-label\">\u3054\u76f8\u8ac7<\/span><\/span><span class=\"wpcf7-list-item\"><input type=\"checkbox\" name=\"checkbox-inq[]\" value=\"\u304a\u554f\u3044\u5408\u308f\u305b\"><span class=\"wpcf7-list-item-label\">\u304a\u554f\u3044\u5408\u308f\u305b<\/span><\/span><span class=\"wpcf7-list-item last\"><input type=\"checkbox\" name=\"checkbox-inq[]\" value=\"\u305d\u306e\u4ed6\"><span class=\"wpcf7-list-item-label\">\u305d\u306e\u4ed6<\/span><\/span><\/span><\/span>\n\t\t\t<\/p>\n\t\t<\/td>\n\t<\/tr>\n\t<tr>\n\t\t<th>\n\t\t\t<p><span class=\"CF7_req\">\u5fc5\u9808<\/span> \u304a\u540d\u524d\n\t\t\t<\/p>\n\t\t<\/th>\n\t\t<td>\n\t\t\t<p><span class=\"wpcf7-form-control-wrap\" data-name=\"your-name\"><input size=\"40\" maxlength=\"400\" class=\"wpcf7-form-control wpcf7-text wpcf7-validates-as-required\" aria-required=\"true\" aria-invalid=\"false\" placeholder=\"\u4f8b\uff1a\u3042\u306a\u305f\u306e\u304a\u540d\u524d\" value=\"\" type=\"text\" name=\"your-name\"><\/span>\n\t\t\t<\/p>\n\t\t<\/td>\n\t<\/tr>\n\t<tr>\n\t\t<th>\n\t\t\t<p><span class=\"CF7_req\">\u5fc5\u9808<\/span> \u30e1\u30fc\u30eb\u30a2\u30c9\u30ec\u30b9\n\t\t\t<\/p>\n\t\t<\/th>\n\t\t<td>\n\t\t\t<p><span class=\"wpcf7-form-control-wrap\" data-name=\"your-email\"><input size=\"40\" maxlength=\"400\" class=\"wpcf7-form-control wpcf7-email wpcf7-validates-as-required wpcf7-text wpcf7-validates-as-email\" aria-required=\"true\" aria-invalid=\"false\" placeholder=\"\u4f8b\uff1a\u00d7\u00d7\u00d7@\u00d7\u00d7\u00d7.com\" value=\"\" type=\"email\" name=\"your-email\"><\/span>\n\t\t\t<\/p>\n\t\t<\/td>\n\t<\/tr>\n\t<tr>\n\t\t<th>\n\t\t\t<p><span class=\"CF7_unreq\">\u4efb\u610f<\/span>\u6240\u5c5e\n\t\t\t<\/p>\n\t\t<\/th>\n\t\t<td>\n\t\t\t<p><span class=\"wpcf7-form-control-wrap\" data-name=\"your-company\"><input size=\"40\" maxlength=\"400\" class=\"wpcf7-form-control wpcf7-text\" aria-invalid=\"false\" placeholder=\"\u4f8b\uff1a\u25ef\u25ef\u75c5\u9662\" value=\"\" type=\"text\" name=\"your-company\"><\/span>\n\t\t\t<\/p>\n\t\t<\/td>\n\t<\/tr>\n\t<tr>\n\t\t<th>\n\t\t\t<p><span class=\"CF7_unreq\">\u4efb\u610f<\/span>\u3054\u4f4f\u6240\n\t\t\t<\/p>\n\t\t<\/th>\n\t\t<td class=\"address-100\">\n\t\t\t<p><span class=\"wpcf7-form-control-wrap\" data-name=\"addr\"><input size=\"40\" maxlength=\"400\" class=\"wpcf7-form-control wpcf7-text wpcf7-validates-as-required\" id=\"addr\" aria-required=\"true\" aria-invalid=\"false\" placeholder=\"\u4f8b\uff1a\u5317\u6d77\u9053\u672d\u5e4c\u5e02\uff11\uff12\uff13\uff14\uff15\" value=\"\" type=\"text\" name=\"addr\"><\/span>\n\t\t\t<\/p>\n\t\t<\/td>\n\t<\/tr>\n\t<tr>\n\t\t<th>\n\t\t\t<p><span class=\"CF7_unreq\">\u4efb\u610f<\/span>\u304a\u96fb\u8a71\u756a\u53f7\n\t\t\t<\/p>\n\t\t<\/th>\n\t\t<td>\n\t\t\t<p><span class=\"wpcf7-form-control-wrap\" data-name=\"your-tel\"><input size=\"40\" maxlength=\"400\" class=\"wpcf7-form-control wpcf7-text\" aria-invalid=\"false\" placeholder=\"\u4f8b\uff1a03-1234-5678\" value=\"\" type=\"text\" name=\"your-tel\"><\/span>\n\t\t\t<\/p>\n\t\t<\/td>\n\t<\/tr>\n\t<tr>\n\t\t<th>\n\t\t\t<p><span class=\"CF7_req\">\u5fc5\u9808<\/span>\u30e1\u30c3\u30bb\u30fc\u30b8\u672c\u6587\n\t\t\t<\/p>\n\t\t<\/th>\n\t\t<td class=\"message-100\">\n\t\t\t<p><span class=\"wpcf7-form-control-wrap\" data-name=\"your-message\"><textarea cols=\"40\" rows=\"10\" maxlength=\"2000\" class=\"wpcf7-form-control wpcf7-textarea wpcf7-validates-as-required\" aria-required=\"true\" aria-invalid=\"false\" placeholder=\"\u304a\u554f\u3044\u5408\u308f\u305b\u5185\u5bb9\u3092\u3054\u8a18\u5165\u304f\u3060\u3055\u3044\" name=\"your-message\"><\/textarea><\/span>\n\t\t\t<\/p>\n\t\t<\/td>\n\t<\/tr>\n\t<tr>\n\t\t<th>\n\t\t\t<p><span class=\"CF7_req\">\u5fc5\u9808<\/span>\u8ff7\u60d1\u30e1\u30fc\u30eb\u9664\u3051\n\t\t\t<\/p>\n\t\t<\/th>\n\t\t<td class=\"message-100\">\n\t\t\t<p><span class=\"wpcf7-form-control-wrap\" data-name=\"quiz-588\"><label><span class=\"wpcf7-quiz-label\">\u5f53\u79d1\u306e\u540d\u79f0\u306f\u3001\u300c\u5317\u6d77\u9053\u5927\u5b66\u6b6f\u5b66\u90e8 \u53e3\u8154\u8a3a\u65ad\u3007\u3007\u300d\u3067\u3059\u3002\u3007\u3007\u306b\u5165\u308b\u5358\u8a9e\u3092\u5165\u529b\u3057\u3066\u304f\u3060\u3055\u3044<\/span> <input size=\"40\" class=\"wpcf7-form-control wpcf7-quiz\" autocomplete=\"off\" aria-required=\"true\" aria-invalid=\"false\" type=\"text\" name=\"quiz-588\"><\/label><input type=\"hidden\" name=\"_wpcf7_quiz_answer_quiz-588\" value=\"5fb4fb7f753f8169466d9ca635ffd125\"><\/span>\n\t\t\t<\/p>\n\t\t<\/td>\n\t<\/tr>\n<\/table>\n<p class=\"CF7_btn\"><input class=\"wpcf7-form-control wpcf7-submit has-spinner\" type=\"submit\" value=\"\u9001\u4fe1\u3059\u308b\">\n<\/p><div class=\"wpcf7-response-output\" aria-hidden=\"true\"><\/div>\n<\/form>\n<\/div>\n\n","protected":false},"excerpt":{"rendered":"","protected":false},"author":2,"featured_media":0,"parent":0,"menu_order":1,"comment_status":"closed","ping_status":"closed","template":"page-1column.php","meta":{"footnotes":""},"class_list":{"0":"post-582","1":"page","2":"type-page","3":"status-publish","5":"entry","6":"nothumb"},"yoast_head":"<!-- This site is optimized with the Yoast SEO plugin v27.3 - https:\/\/yoast.com\/product\/yoast-seo-wordpress\/ -->\n<title>\u304a\u554f\u3044\u5408\u308f\u305b\u30d5\u30a9\u30fc\u30e0 - \u5317\u6d77\u9053\u5927\u5b66\u6b6f\u5b66\u90e8 \u53e3\u8154\u8a3a\u65ad\u5185\u79d1<\/title>\n<meta name=\"robots\" content=\"index, follow, max-snippet:-1, max-image-preview:large, max-video-preview:-1\" \/>\n<link rel=\"canonical\" href=\"https:\/\/www.den.hokudai.ac.jp\/kouge1\/contact\" \/>\n<meta property=\"og:locale\" content=\"ja_JP\" \/>\n<meta property=\"og:type\" content=\"article\" \/>\n<meta property=\"og:title\" content=\"\u304a\u554f\u3044\u5408\u308f\u305b\u30d5\u30a9\u30fc\u30e0 - \u5317\u6d77\u9053\u5927\u5b66\u6b6f\u5b66\u90e8 \u53e3\u8154\u8a3a\u65ad\u5185\u79d1\" \/>\n<meta property=\"og:url\" content=\"https:\/\/www.den.hokudai.ac.jp\/kouge1\/contact\" \/>\n<meta property=\"og:site_name\" content=\"\u5317\u6d77\u9053\u5927\u5b66\u6b6f\u5b66\u90e8 \u53e3\u8154\u8a3a\u65ad\u5185\u79d1\" \/>\n<meta property=\"article:modified_time\" content=\"2025-09-02T07:46:56+00:00\" \/>\n<meta name=\"twitter:card\" content=\"summary_large_image\" \/>\n<meta name=\"twitter:label1\" content=\"\u63a8\u5b9a\u8aad\u307f\u53d6\u308a\u6642\u9593\" \/>\n\t<meta name=\"twitter:data1\" content=\"1\u5206\" \/>\n<script type=\"application\/ld+json\" class=\"yoast-schema-graph\">{\"@context\":\"https:\\\/\\\/schema.org\",\"@graph\":[{\"@type\":\"WebPage\",\"@id\":\"https:\\\/\\\/www.den.hokudai.ac.jp\\\/kouge1\\\/contact\",\"url\":\"https:\\\/\\\/www.den.hokudai.ac.jp\\\/kouge1\\\/contact\",\"name\":\"\u304a\u554f\u3044\u5408\u308f\u305b\u30d5\u30a9\u30fc\u30e0 - \u5317\u6d77\u9053\u5927\u5b66\u6b6f\u5b66\u90e8 \u53e3\u8154\u8a3a\u65ad\u5185\u79d1\",\"isPartOf\":{\"@id\":\"https:\\\/\\\/www.den.hokudai.ac.jp\\\/kouge1\\\/#website\"},\"datePublished\":\"2025-09-02T07:44:14+00:00\",\"dateModified\":\"2025-09-02T07:46:56+00:00\",\"breadcrumb\":{\"@id\":\"https:\\\/\\\/www.den.hokudai.ac.jp\\\/kouge1\\\/contact#breadcrumb\"},\"inLanguage\":\"ja\",\"potentialAction\":[{\"@type\":\"ReadAction\",\"target\":[\"https:\\\/\\\/www.den.hokudai.ac.jp\\\/kouge1\\\/contact\"]}]},{\"@type\":\"BreadcrumbList\",\"@id\":\"https:\\\/\\\/www.den.hokudai.ac.jp\\\/kouge1\\\/contact#breadcrumb\",\"itemListElement\":[{\"@type\":\"ListItem\",\"position\":1,\"name\":\"Home\",\"item\":\"https:\\\/\\\/www.den.hokudai.ac.jp\\\/kouge1\\\/\"},{\"@type\":\"ListItem\",\"position\":2,\"name\":\"\u304a\u554f\u3044\u5408\u308f\u305b\u30d5\u30a9\u30fc\u30e0\"}]},{\"@type\":\"WebSite\",\"@id\":\"https:\\\/\\\/www.den.hokudai.ac.jp\\\/kouge1\\\/#website\",\"url\":\"https:\\\/\\\/www.den.hokudai.ac.jp\\\/kouge1\\\/\",\"name\":\"\u5317\u6d77\u9053\u5927\u5b66\u6b6f\u5b66\u90e8 \u53e3\u8154\u8a3a\u65ad\u5185\u79d1\",\"description\":\"\",\"potentialAction\":[{\"@type\":\"SearchAction\",\"target\":{\"@type\":\"EntryPoint\",\"urlTemplate\":\"https:\\\/\\\/www.den.hokudai.ac.jp\\\/kouge1\\\/?s={search_term_string}\"},\"query-input\":{\"@type\":\"PropertyValueSpecification\",\"valueRequired\":true,\"valueName\":\"search_term_string\"}}],\"inLanguage\":\"ja\"}]}<\/script>\n<!-- \/ Yoast SEO plugin. -->","yoast_head_json":{"title":"\u304a\u554f\u3044\u5408\u308f\u305b\u30d5\u30a9\u30fc\u30e0 - \u5317\u6d77\u9053\u5927\u5b66\u6b6f\u5b66\u90e8 \u53e3\u8154\u8a3a\u65ad\u5185\u79d1","robots":{"index":"index","follow":"follow","max-snippet":"max-snippet:-1","max-image-preview":"max-image-preview:large","max-video-preview":"max-video-preview:-1"},"canonical":"https:\/\/www.den.hokudai.ac.jp\/kouge1\/contact","og_locale":"ja_JP","og_type":"article","og_title":"\u304a\u554f\u3044\u5408\u308f\u305b\u30d5\u30a9\u30fc\u30e0 - \u5317\u6d77\u9053\u5927\u5b66\u6b6f\u5b66\u90e8 \u53e3\u8154\u8a3a\u65ad\u5185\u79d1","og_url":"https:\/\/www.den.hokudai.ac.jp\/kouge1\/contact","og_site_name":"\u5317\u6d77\u9053\u5927\u5b66\u6b6f\u5b66\u90e8 \u53e3\u8154\u8a3a\u65ad\u5185\u79d1","article_modified_time":"2025-09-02T07:46:56+00:00","twitter_card":"summary_large_image","twitter_misc":{"\u63a8\u5b9a\u8aad\u307f\u53d6\u308a\u6642\u9593":"1\u5206"},"schema":{"@context":"https:\/\/schema.org","@graph":[{"@type":"WebPage","@id":"https:\/\/www.den.hokudai.ac.jp\/kouge1\/contact","url":"https:\/\/www.den.hokudai.ac.jp\/kouge1\/contact","name":"\u304a\u554f\u3044\u5408\u308f\u305b\u30d5\u30a9\u30fc\u30e0 - \u5317\u6d77\u9053\u5927\u5b66\u6b6f\u5b66\u90e8 \u53e3\u8154\u8a3a\u65ad\u5185\u79d1","isPartOf":{"@id":"https:\/\/www.den.hokudai.ac.jp\/kouge1\/#website"},"datePublished":"2025-09-02T07:44:14+00:00","dateModified":"2025-09-02T07:46:56+00:00","breadcrumb":{"@id":"https:\/\/www.den.hokudai.ac.jp\/kouge1\/contact#breadcrumb"},"inLanguage":"ja","potentialAction":[{"@type":"ReadAction","target":["https:\/\/www.den.hokudai.ac.jp\/kouge1\/contact"]}]},{"@type":"BreadcrumbList","@id":"https:\/\/www.den.hokudai.ac.jp\/kouge1\/contact#breadcrumb","itemListElement":[{"@type":"ListItem","position":1,"name":"Home","item":"https:\/\/www.den.hokudai.ac.jp\/kouge1\/"},{"@type":"ListItem","position":2,"name":"\u304a\u554f\u3044\u5408\u308f\u305b\u30d5\u30a9\u30fc\u30e0"}]},{"@type":"WebSite","@id":"https:\/\/www.den.hokudai.ac.jp\/kouge1\/#website","url":"https:\/\/www.den.hokudai.ac.jp\/kouge1\/","name":"\u5317\u6d77\u9053\u5927\u5b66\u6b6f\u5b66\u90e8 \u53e3\u8154\u8a3a\u65ad\u5185\u79d1","description":"","potentialAction":[{"@type":"SearchAction","target":{"@type":"EntryPoint","urlTemplate":"https:\/\/www.den.hokudai.ac.jp\/kouge1\/?s={search_term_string}"},"query-input":{"@type":"PropertyValueSpecification","valueRequired":true,"valueName":"search_term_string"}}],"inLanguage":"ja"}]}},"_links":{"self":[{"href":"https:\/\/www.den.hokudai.ac.jp\/kouge1\/wp-json\/wp\/v2\/pages\/582","targetHints":{"allow":["GET"]}}],"collection":[{"href":"https:\/\/www.den.hokudai.ac.jp\/kouge1\/wp-json\/wp\/v2\/pages"}],"about":[{"href":"https:\/\/www.den.hokudai.ac.jp\/kouge1\/wp-json\/wp\/v2\/types\/page"}],"author":[{"embeddable":true,"href":"https:\/\/www.den.hokudai.ac.jp\/kouge1\/wp-json\/wp\/v2\/users\/2"}],"replies":[{"embeddable":true,"href":"https:\/\/www.den.hokudai.ac.jp\/kouge1\/wp-json\/wp\/v2\/comments?post=582"}],"version-history":[{"count":1,"href":"https:\/\/www.den.hokudai.ac.jp\/kouge1\/wp-json\/wp\/v2\/pages\/582\/revisions"}],"predecessor-version":[{"id":583,"href":"https:\/\/www.den.hokudai.ac.jp\/kouge1\/wp-json\/wp\/v2\/pages\/582\/revisions\/583"}],"wp:attachment":[{"href":"https:\/\/www.den.hokudai.ac.jp\/kouge1\/wp-json\/wp\/v2\/media?parent=582"}],"curies":[{"name":"wp","href":"https:\/\/api.w.org\/{rel}","templated":true}]}}